 x.
23
Let k be (-3)/4 - (-60)/16. Suppose 4*h = -2*m + 78, 3*h - 58 - 53 = -k*m. What are the prime factors of m?
5, 7
Let a = -6 - -11. Suppose 6*r = 3*r - 3*n + 39, 0 = -a*r - 4*n + 65. What are the prime factors of r?
13
Suppose 2*u + 4*v = -0*v + 16, -27 = -4*u - 3*v. Suppose 3*g = 2*g + u. What are the prime factors of g?
2, 3
Let a be (-8)/(-36) - 104/(-18). Suppose -a = -z + 4*z. What are the prime factors of (-10)/((-4)/z - 3)?
2, 5
Suppose -f + 18 = i, 2*f + 5*i = 39 + 3. Suppose -5*x + f = -134. List the prime factors of x.
2, 3, 5
Let h(k) = -k**3 - 4*k**2 - 7*k - 4. Let p be h(-4). Suppose -2 + 131 = 5*o - 4*n, n = -o + p. List the prime factors of o.
5
Let q(d) = 2*d**2 + 26*d + 17. List the prime factors of q(-13).
17
List the prime factors of 32/10*45/18.
2
Suppose -5*x - 11 = -31. Let l be (24/4)/(-3)*-2. Suppose 0 = -j + m + x, l*j + m = 31. What are the prime factors of j?
7
Let t(r) = -3*r + 4. Let h be t(-8). Suppose -h = -2*l - 2*n, -24 - 29 = -4*l - 3*n. What are the prime factors of l?
11
Suppose -5*b = -3*b - 20. Suppose 3*o = b + 8. List the prime factors of o.
2, 3
Let b = -70 + -53. Let x be -1*7 + (0 - 1). List the prime factors of b/(-12) - (-2)/x.
2, 5
Suppose 7*l - 3*l - 228 = n, 0 = n. List the prime factors of l.
3, 19
What are the prime factors of 146 + (60/(-5))/(-4)?
149
Suppose -2*k - a - 2 = -157, 2*k = -2*a + 158. List the prime factors of k.
2, 19
Let c(p) = -25*p - 6. List the prime factors of c(-7).
13
Let i(a) = 2*a**2 - 4*a + 3. Let l be i(2). Suppose -49 = l*f - 238. What are the prime factors of 1/(-5) - f/(-15)?
2
Let s = -89 + 124. List the prime factors of s.
5, 7
Let h(f) = 5*f**2 - f. Let s be 4 - (-1 + 3) - 3. Let r be h(s). List the prime factors of ((-24)/(-10))/(r/20).
2
Let t(u) = 9*u**2 + 2*u + 8. What are the prime factors of t(-4)?
2, 3
Let k = 73 + -48. What are the prime factors of k?
5
Suppose 34*c - 80 = 30*c. What are the prime factors of c?
2, 5
Let u = 15 - 15. Suppose -3*d + y = -26, u*y - 10 = 2*y. What are the prime factors of d?
7
Suppose -l - 27 + 174 = 0. List the prime factors of l.
3, 7
Suppose 2*i = 2*r - 58, 2*r - 3*i = i + 56. Let o = -14 + r. What are the prime factors of o?
2
Let u(l) = 4*l**2 + l - 1. Let b be u(1). Suppose 2*p = -2 + 6. Suppose d - b*c - c + 16 = 0, -p*c = -2*d. What are the prime factors of d?
2
Let v = -6 - -53. What are the prime factors of v?
47
Suppose 5*z + 1 = 26. Suppose -l = z*o - 23 - 17, 4*o - 18 = 2*l. List the prime factors of o.
7
Let v = 56 + -33. What are the prime factors of v?
23
Let l(x) = 7*x. Let h be l(1). Suppose 48 = -4*z + h*z. What are the prime factors of z?
2
Let i = 5 - 2. Suppose h - 16 = 2*r + 15, i*r - 11 = -h. List the prime factors of h.
23
Let n(c) = 32*c**3 - c**2 + c. Let j(k) = 33*k**3 - k**2 + k. Let i(v) = -3*j(v) + 4*n(v). List the prime factors of i(1).
29
Let d(v) = v - 1. Let y(s) = -11*s - 9. Let p(a) = -6*d(a) + y(a). Let k be p(-3). Suppose -5*n = -n - k. What are the prime factors of n?
2, 3
Let f(u) = 5*u**2 + 5*u + 2. Let y be f(-3). Suppose 3*k - y = 4. List the prime factors of 122/k + (-1)/6.
2, 5
Let t(z) = 2*z. Suppose -27 = -5*u - 2*h, -2*u = h - 3*h - 8. List the prime factors of t(u).
2, 5
Let c(v) = -v**3 + 7*v**2 - 3*v - 8. Let i = 16 + -10. Let g(y) = 2*y - 6. Let a be g(i). What are the prime factors of c(a)?
2, 5
Let q be ((-18)/15)/(4/(-30)). Suppose -4*k + q = -k. List the prime factors of k.
3
Let s be (-10)/(-3)*24/5. Suppose -3*o - 1 + s = 0. Suppose o*h - 4*w - 2 = 2*h, 12 = 5*h + 2*w. List the prime factors of h.
2
Let d = 11 + -19. Let s(y) = -y**3 - 8*y**2. Let m be s(d). Let g = 6 - m. What are the prime factors of g?
2, 3
Let s be 2/2 - (-20 + 1). Let c = s + -7. What are the prime factors of c?
13
Let w(v) = -2*v**2 - 10*v - 1. Let x be -5 + (-1 + 0 - -2). What are the prime factors of w(x)?
7
Suppose -138 = 4*y - 7*y. List the prime factors of y.
2, 23
Suppose -3*o = x - 120, 71 - 631 = -5*x - 5*o. What are the prime factors of x?
2, 3
Let o(w) = w**2 + 6*w + 3. Let z(i) = 2*i + 5. Let h be z(-6). List the prime factors of o(h).
2, 5
Suppose -z = -49 - 20. List the prime factors of z.
3, 23
Let j = -16 + 46. What are the prime factors of j?
2, 3, 5
Suppose 3*r - 11 = 1. Let n = 6 - r. List the prime factors of n.
2
Let s(h) = -h**2 + 8*h - 2. Let x be s(6). What are the prime factors of ((-6)/x)/((-3)/75)?
3, 5
List the prime factors of ((-2874)/(-15))/2 + (-7)/(-35).
2, 3
Suppose -2*n + 60 = -0*n. Let k(x) = 2*x - 1. Let a be k(3). Suppose 5*h = -a + n. List the prime factors of h.
5
Let d = 7 + -5. Suppose 11 = h - 5*z, 4*h - 3*z = d*z - 1. Let m = h - -7. List the prime factors of m.
3
Let i be 15 - (15/3 + -2). List the prime factors of i - (-3)/((-3)/(-2)).
2, 7
Suppose 0 = -5*s + 15, 7*n - 2*n + 4*s = 32. Suppose -n*q - q = -20. Let j = q - 2. What are the prime factors of j?
2
Suppose -8*i = -6*i - 6. List the prime factors of i.
3
Let k = 2 - 2. Suppose 4*f - 4*i - 27 = 9, -f + 2*i + 8 = k. Suppose g + g = f. List the prime factors of g.
5
Suppose 0 = w + 9 - 0. Let t = w - -20. List the prime factors of t.
11
Suppose 2 + 2 = -2*l. Let d be 21*(3 + l)/(-3). What are the prime factors of (-8)/(-28) - 96/d?
2, 7
Suppose -4*d = -4*v + 3*v + 25, -v + 30 = -5*d. Let o = d - -14. Suppose -2*t + o = 4*x - 7, -3*t = x - 9. List the prime factors of x.
3
Suppose -4 = g + 2*t, -2*g = g + 3*t. Suppose -3*z = 4 + 5, 117 = 5*i - g*z. What are the prime factors of i?
3, 7
Let q be (-476)/(-36) + (-2)/9. Let y = 20 - q. List the prime factors of 2/7 - (-40)/y.
2, 3
Suppose 2*p - g - 1 = -4, 0 = 5*p - g. Let l = p - 0. Suppose 2*x - 17 = -l. List the prime factors of x.
2
Let i be (-30)/(-9)*(-12)/(-10). Suppose -2*z = -2, -g + 2*z = -2*z - i. What are the prime factors of (-2)/3*(5 - g)?
2
Let x(d) = -4*d**3 + d**2 + 2*d + 1. Let z be x(-1). List the prime factors of ((-2)/z)/((-2)/16).
2
Suppose -59 - 14 = -q. List the prime factors of q.
73
Suppose 2*j - 1 + 3 = 0. What are the prime factors of (j - -12)*(-2)/(-2)?
11
What are the prime factors of 24*(0/(-4) - -1)?
2, 3
Let a(k) be the second derivative of k**4/12 + 4*k**3/3 - 3*k. What are the prime factors of a(-9)?
3
Let u(g) = g**2 + g + 12. List the prime factors of u(-6).
2, 3, 7
Let m = 27 - 26. Let h(t) = 41*t**3 + t**2 + t - 1. What are the prime factors of h(m)?
2, 3, 7
Let t(m) = 5*m**3 + m**2 - 3*m. What are the prime factors of t(3)?
3, 5
List the prime factors of (-495)/(-18) - (-2)/4.
2, 7
Let z(w) = 4*w**2 + 5*w + 3. Let r(g) = 9*g**2 + 11*g + 6. Let d(q) = 2*r(q) - 5*z(q). Let t be d(-2). Let c = -3 - t. What are the prime factors of c?
2
What are the prime factors of -10 + 80 + (-2 - -2)?
2, 5, 7
Suppose -16 = -b + 3*b. Let g be (-716)/(-10) + b/(-20). Suppose -44 = -2*k + 5*z, -4*k + 0*z + 2*z = -g. List the prime factors of k.
17
Let h be (6/(-4))/(3/(-6)). Suppose -3*t + 2*p + 68 = 0, -2*p + 94 = 4*t - h*p. What are the prime factors of t?
2, 3
Suppose 0 = 5*b + 5*g, 2*b - 3*b + 2*g + 3 = 0. Let l be (-1)/(((-1)/3)/b). List the prime factors of (l/2)/((-2)/(-4)).
3
Suppose 4*z - 45 = 3*z. List the prime factors of z.
3, 5
Let b(p) be the second derivative of -2*p**3/3 - 5*p**2/2 - 2*p. What are the prime factors of b(-4)?
11
Let j = 10 + -7. List the prime factors of j/3*(4 - -1).
5
Suppose -13*w = -9*w - 292. List the prime factors of w.
73
Let r(o) = o**2 - 6*o + 4. Let v be r(7). Suppose -j - 77 = -2*l, 2*j + 1 = v. List the prime factors of l.
41
Suppose -4*q - 10 = -30. Suppose q*y - 2*y + 216 = 0. What are the prime factors of (-8)/(-3)*y/(-16)?
2, 3
Let d = -562 - -856. What are the prime factors of d?
2, 3, 7
Let b(t) = t - 5. Let c be b(5). Suppose -2*y - k + 44 = c, -2*k + 4*k = -4. What are the prime factors of y?
23
Let f be (56/21)/(4/6). Suppose 4*d = -u + 140, 2*u = -6*d + f*d + 64. Suppose -2*m - 2*m = -d. List the prime factors of m.
3
Let b(i) = 8*i - 2. List the prime factors of b(5).
2, 19
Let m = 77 + -51. What are the prime factors of m?
2, 13
Suppose 2*d + 112 = 5*o, 2*o + d - 42 = 10. List the prime factors of o.
2, 3
Let v be 1/(-3) - 64/(-12). Suppose 2*m - 48 = v*f, 5*m - 60 = -4*f - 6. What are the prime factors of m?
2, 7
Let k(q) = 7*q**2 - 4*q + 2. Let h be k(3). Suppose